 851?
True
Is 10 a factor of 1150?
True
Does 31 divide 1891?
True
Is 786 a multiple of 14?
False
Is 22 a factor of 330?
True
Is 58 a factor of 25514?
False
Is 390 a multiple of 6?
True
Is 11 a factor of 149?
False
Is 106 a factor of 23897?
False
Is 13 a factor of 9698?
True
Is 36 a factor of 11520?
True
Is 15 a factor of 6615?
True
Is 101890 a multiple of 359?
False
Does 4 divide 61?
False
Does 10 divide 8553?
False
Is 51 a factor of 1643?
False
Is 4 a factor of 376?
True
Is 149 a factor of 26884?
False
Is 23874 a multiple of 43?
False
Does 13 divide 351?
True
Is 109 a factor of 2868?
False
Does 94 divide 23218?
True
Does 23 divide 920?
True
Does 50 divide 397?
False
Does 7 divide 11315?
False
Is 22 a factor of 3146?
True
Does 270 divide 39952?
False
Is 6917 a multiple of 91?
False
Is 4 a factor of 676?
True
Is 2300 a multiple of 5?
True
Does 61 divide 9852?
False
Does 25 divide 625?
True
Is 45 a factor of 108?
False
Is 15 a factor of 105?
True
Does 15 divide 1095?
True
Does 31 divide 1395?
True
Is 12 a factor of 16812?
True
Does 59 divide 33807?
True
Does 43 divide 5160?
True
Does 10 divide 1080?
True
Does 4 divide 1084?
True
Is 1328 a multiple of 16?
True
Is 14 a factor of 88?
False
Does 24 divide 1512?
True
Does 47 divide 1766?
False
Is 521 a multiple of 9?
False
Is 102 a factor of 2346?
True
Is 21 a factor of 43374?
False
Is 6 a factor of 44?
False
Is 9 a factor of 2608?
False
Does 20 divide 19600?
True
Is 36139 a multiple of 37?
False
Is 26105 a multiple of 12?
False
Is 8 a factor of 191?
False
Does 179 divide 13246?
True
Is 16 a factor of 2240?
True
Is 11 a factor of 302?
False
Is 21 a factor of 2330?
False
Does 50 divide 33250?
True
Does 60 divide 180?
True
Is 72312 a multiple of 276?
True
Is 433 a multiple of 4?
False
Does 50 divide 57051?
False
Is 18 a factor of 320?
False
Is 434 a multiple of 13?
False
Is 105 a factor of 9450?
True
Does 60 divide 62040?
True
Is 27 a factor of 9558?
True
Is 92 a multiple of 46?
True
Does 67 divide 200?
False
Is 133 a factor of 3857?
True
Is 92 a factor of 3734?
False
Is 87 a factor of 71878?
False
Is 1449 a multiple of 39?
False
Does 14 divide 2156?
True
Does 8 divide 72?
True
Is 146586 a multiple of 33?
True
Is 160 a multiple of 20?
True
Does 23 divide 2784?
False
Is 322 a multiple of 12?
False
Is 687 a multiple of 4?
False
Does 13 divide 287?
False
Is 3498 a multiple of 22?
True
Is 13 a factor of 6474?
True
Does 79 divide 84451?
True
Is 4917 a multiple of 190?
False
Does 17 divide 14879?
False
Is 147 a multiple of 49?
True
Does 74 divide 1184?
True
Does 62 divide 7902?
False
Is 5394 a multiple of 66?
False
Does 7 divide 623?
True
Is 145846 a multiple of 10?
False
Does 8 divide 272?
True
Is 21530 a multiple of 5?
True
Does 2 divide 19?
False
Does 34 divide 2217?
False
Is 5 a factor of 55?
True
Is 47 a multiple of 5?
False
Is 22895 a multiple of 129?
False
Is 23 a factor of 11293?
True
Does 6 divide 27344?
False
Is 23 a factor of 78637?
True
Is 23436 a multiple of 63?
True
Does 3 divide 132?
True
Does 9 divide 162?
True
Is 2178 a multiple of 6?
True
Does 17 divide 1517?
False
Is 100 a factor of 1200?
True
Does 121 divide 113377?
True
Is 7144 a multiple of 8?
True
Does 8 divide 41230?
False
Is 504 a multiple of 24?
True
Is 1357 a multiple of 126?
False
Is 21848 a multiple of 43?
False
Is 4 a factor of 2028?
True
Is 13 even?
False
Does 87 divide 1566?
True
Is 126 a factor of 46116?
True
Is 4092 a multiple of 11?
True
Is 13 a multiple of 2?
False
Is 408 a multiple of 11?
False
Does 36 divide 1061?
False
Is 785 a multiple of 5?
True
Does 35 divide 4445?
True
Is 6 a factor of 6288?
True
Does 65 divide 2836?
False
Is 585 a multiple of 31?
False
Does 13 divide 1846?
True
Is 1191 a multiple of 3?
True
Is 193 a factor of 70817?
False
Is 6012 a multiple of 9?
True
Is 72 a multiple of 7?
False
Is 1260 a multiple of 7?
True
Is 3 a factor of 9401?
False
Does 64 divide 5083?
False
Does 9 divide 3249?
True
Is 2400 a multiple of 70?
False
Does 103 divide 3873?
False
Is 6 a factor of 24483?
False
Is 44 a factor of 53196?
True
Is 4 a factor of 912?
True
Is 49 a factor of 133737?
False
Does 18 divide 75019?
False
Is 147 a multiple of 21?
True
Is 11577 a multiple of 51?
True
Is 71 a factor of 22365?
True
Does 71 divide 639?
True
Is 2040 a multiple of 24?
True
Does 7 divide 8050?
True
Is 9750 a multiple of 125?
True
Does 61 divide 896?
False
Is 57 a factor of 1995?
True
Is 1273 a multiple of 6?
False
Is 4729 a multiple of 24?
False
Is 48 a factor of 2112?
True
Is 38259 a multiple of 27?
True
Is 11 a factor of 63432?
False
Is 409 a multiple of 3?
False
Is 1003 a multiple of 17?
True
Does 3 divide 2274?
True
Is 11 a factor of 1736?
False
Does 4 divide 1147?
False
Does 5 divide 2365?
True
Is 3253 a multiple of 5?
False
Is 56 a factor of 7448?
True
Is 46 a factor of 5590?
False
Does 39 divide 793?
False
Is 9756 a multiple of 9?
True
Is 3433 a multiple of 101?
False
Does 72 divide 1296?
True
Is 6 a factor of 4843?
False
Is 20 a factor of 10380?
True
Is 15 a factor of 31050?
True
Does 13 divide 12271?
False
Is 70 a factor of 7560?
True
Is 8 a factor of 9379?
False
Is 81 a factor of 46853?
False
Is 787 a multiple of 3?
False
Is 4 a factor of 189?
False
Does 2 divide 76?
True
Does 43 divide 8084?
True
Is 7743 a multiple of 87?
True
Is 11 a factor of 297?
True
Is 11034 a multiple of 74?
False
Does 24 divide 46824?
True
Is 13 a factor of 87990?
False
Is 23 a factor of 6226?
False
Is 3890 a multiple of 20?
False
Is 10 a factor of 15450?
True
Is 172 a factor of 4816?
True
Is 70 a factor of 770?
True
Does 27 divide 22733?
False
Is 7 a factor of 2449?
False
Is 7 a factor of 608?
False
Is 89 a factor of 36223?
True
Is 105 a factor of 41790?
True
Is 128 a factor of 1212?
False
Does 19 divide 9707?
False
Does 3 divide 16?
False
Is 15 a factor of 270?
True
Is 65377 a multiple of 176?
False
Does 48 divide 12528?
True
Is 39 a factor of 1594?
False
Is 30 a factor of 4260?
True
Does 14 divide 2078?
False
Is 6916 a multiple of 13?
True
Is 4 a factor of 239?
False
Is 1486 a multiple of 68?
False
Does 68 divide 1020?
True
Is 43950 a multiple of 15?
True
Is 12296 a multiple of 18?
False
Is 106 a factor of 848?
True
Is 35 a factor of 2003?
False
Does 17 divide 6896?
False
Is 9 a factor of 126?
True
Is 37 a multiple of 14?
False
Is 4887 a multiple of 100?
False
Is 35600 a multiple of 9?
False
Is 133382 a multiple of 12?
False
Is 16 a factor of 19456?
True
Is 8386 a multiple of 20?
False
Is 138 a factor of 15575?
False
Is 26 a factor of 378?
False
Is 3 a factor of 22?
False
Is 21 a factor of 699?
False
Is 3744 a multiple of 16?
True
Does 59 divide 24201?
False
Is 6844 a multiple of 29?
True
Is 12 a factor of 2652?
True
Is 14820 a multiple of 285?
True
Is 10 a factor of 88230?
True
Does 19 divide 3971?
True
Does 42 divide 5292?
True
Is 9 a factor of 432?
True
Is 17 a factor of 289?
True
Does 34 divide 135286?
True
Does 311 divide 10574?
True
Does 11 divide 15708?
True
Is 102 a multiple of 9?
False
Is 987 a multiple of 21?
True
Is 5063 a multiple of 200?
False
Does 136 divide 15735?
False
Is 6926 a multiple of 8?
False
Is 40 a multiple of 10?
True
Does 34 divide 510?
True
Does 42 divide 183?
False
Is 220 a multiple of 11?
True
Is 455 a multiple of 5?
True
Does 18 divide 130?
False
Does 23 divide 1541?
True
Is 37 a factor of 10212?
True
Is 16 a factor of 1140?
False
Is 116561 a multiple of 229?
True
Is 16800 a multiple of 16?
True
Does 12 divide 3420?
True
Is 1924 a multiple of 24?
False
Is 6 a factor of 7458?
True
Is 3328 a multiple of 32?
True
Is 99 a factor of 17210?
False
Does 11 divide 9139?
False
Does 25 divide 1750?
True
Is 10 a factor of 221?
False
Is 10 a factor of 3660?
True
Is 31611 a multiple of 25?
False
Is 51 a factor of 255?
True
Does 156 divide 11388?
True
Is 754 a multiple of 26?
True
Is 790 a multiple of 23?
False
Is 28 a factor of 1204?
True
Is 127 a factor of 14478?
True
Does 16 divide 21016?
False
Is 2253 a multiple of 12?
False
Is 6337 a multiple of 2?
False
Is 8 a factor of 138?
False
Is 5495 a multiple of 3?
False
Does 39 divide 7449?
True
Is 2214 a multiple of 18?
True
Is 8442 a multiple of 126?
True
Is 828 a multiple of 23?
True
Is 975 a multiple of 25?
True
Is 46 a factor of 1518?
True
Is 16 a factor of 80395?
False
Is 12